base 11, what is -104 - 586049?
-586152
In base 5, what is -21322201231 + 4?
-21322201222
In base 14, what is -a + -437a67a?
-437a686
In base 3, what is 101110120202002 + -12?
101110120201220
In base 4, what is 300003230001111 - -2?
300003230001113
In base 9, what is -4 + 2868071?
2868066
In base 10, what is 2868550 - -10?
2868560
In base 10, what is 30089977 - 0?
30089977
In base 16, what is -56ea235 - -4?
-56ea231
In base 15, what is -3 + -6b86dba?
-6b86dbd
In base 10, what is 51015 + -116?
50899
In base 6, what is 3 + -2403115152?
-2403115145
In base 2, what is -11101010010101000010010010 - 1001?
-11101010010101000010011011
In base 13, what is 237aa - -25?
23802
In base 6, what is -3412203114 - 3?
-3412203121
In base 2, what is -101110111000100000100111100 - 11?
-101110111000100000100111111
In base 9, what is -13458166 + 0?
-13458166
In base 5, what is 103441 + -31101?
22340
In base 10, what is -2 + 470399?
470397
In base 9, what is 3064 + 3215?
6280
In base 8, what is 3313 + -26453?
-23140
In base 13, what is 121c4a - -17?
121c64
In base 8, what is 20 - 103631753?
-103631733
In base 12, what is b + 408b57?
408b66
In base 8, what is 155 + 315562?
315737
In base 15, what is -18e - 1981?
-1b20
In base 7, what is 2004423 - -24151?
2031604
In base 10, what is 1 - -114574937?
114574938
In base 6, what is -104004 - 43554?
-152002
In base 9, what is -7024 + -5544?
-13568
In base 2, what is -1011001011011 - -1101100?
-1010111101111
In base 2, what is 111 + -1111101001011101000010100011?
-1111101001011101000010011100
In base 15, what is 3b + 683c?
6878
In base 15, what is 2 + 2cae461?
2cae463
In base 3, what is 201000111022 - -112001?
201001000100
In base 15, what is 226b8 - -24?
226dc
In base 14, what is -339b0 - -2db?
-336b3
In base 9, what is 0 - 124242722?
-124242722
In base 10, what is 0 - -29228104?
29228104
In base 10, what is -544 + -2157227?
-2157771
In base 13, what is -53a82 + 2?
-53a80
In base 12, what is -68 - -82bb?
8253
In base 10, what is -1301 - 7507?
-8808
In base 11, what is 2075a149 - -4?
2075a152
In base 16, what is -333 + a45?
712
In base 7, what is 130242 + -2063?
125146
In base 2, what is -101110000101111000101101 - 0?
-101110000101111000101101
In base 11, what is 2 - -77015849?
77015850
In base 3, what is 2100210210222020 + 102?
2100210210222122
In base 11, what is 4045 + -1a?
4026
In base 10, what is -1 - 106404092?
-106404093
In base 14, what is 27 - -14c8dba?
14c9003
In base 12, what is b0612 + 19b8?
b240a
In base 16, what is -b0 - -207e76?
207dc6
In base 3, what is -2120111102022 + -2200?
-2120111111222
In base 11, what is -2 - -8043406?
8043404
In base 9, what is 187008 - -3?
187012
In base 5, what is -2423 - -23322?
20344
In base 6, what is 2400 + 403313?
410113
In base 9, what is 5112364 + -16?
5112347
In base 6, what is -35552 + -133515?
-213511
In base 14, what is 10ab18 + -289?
10a86d
In base 5, what is -110230 + -240213?
-400443
In base 10, what is -80561 + -15?
-80576
In base 10, what is -3025320 + 10?
-3025310
In base 12, what is 3635 - 141?
34b4
In base 4, what is 3022230012213 - -101?
3022230012320
In base 4, what is 303110 + 1012121?
1321231
In base 2, what is 1011011010011 - 10010010?
1011001000001
In base 5, what is -234 + -410304403?
-410310142
In base 10, what is 3 + -45939208?
-45939205
In base 15, what is -420 - -30ce?
2bae
In base 16, what is 2f + e29cb4?
e29ce3
In base 2, what is 100111 - -101100011111010?
101100100100001
In base 10, what is 410341741 - 4?
410341737
In base 15, what is -e3 + 3460?
336c
In base 8, what is 56 + 24246?
24324
In base 15, what is e297 - 808?
d98e
In base 4, what is -13110013 - -1113?
-13102300
In base 6, what is -13 - 1045423052?
-1045423105
In base 16, what is -ac999f - 4?
-ac99a3
In base 8, what is -12161 - -46?
-12113
In base 4, what is 1 + 1010222323?
1010222330
In base 15, what is 254a0 + -a?
25495
In base 14, what is 2bb0cd + 9?
2bb0d8
In base 13, what is -1 + ac34?
ac33
In base 15, what is 3 - 2daad?
-2daaa
In base 4, what is 2 + -102222213211?
-102222213203
In base 7, what is 113222061 - -13?
113222104
In base 3, what is 22222000100200100 - -10?
22222000100200110
In base 16, what is 1af65d - -1c?
1af679
In base 9, what is 728105 - 484?
727511
In base 13, what is 2 + -5c5778?
-5c5776
In base 7, what is -4 - -2056452566?
2056452562
In base 12, what is -a69 - -4116?
3269
In base 16, what is 509 + 1dae?
22b7
In base 13, what is -21 + -238a5?
-238c6
In base 12, what is 1045508 - 83?
1045445
In base 3, what is 200102100022 + -210201?
200101112121
In base 2, what is 1000000010 + -1010111010010?
-1001111010000
In base 14, what is -2881a7 - -d6?
-2880b1
In base 13, what is -4618c1 - -46?
-461878
In base 2, what is -11000101 - 10011000111100?
-10011100000001
In base 16, what is -e2eb - -7e7?
-db04
In base 16, what is -fe57 - 111?
-ff68
In base 15, what is -1 - 3d6221?
-3d6222
In base 4, what is -21311200122 - 12?
-21311200200
In base 7, what is 2603223 + -116?
2603104
In base 16, what is 12 - 967f?
-966d
In base 3, what is -110 - -11112102010101?
11112102002221
In base 13, what is 9 + -2a10a9?
-2a10a0
In base 15, what is -1eac7 + 272?
-1e855
In base 14, what is 0 + -10b11?
-10b11
In base 16, what is 4 - 6cc49e?
-6cc49a
In base 9, what is 132441 + -2?
132438
In base 2, what is 100 + 10010011101101010001000101?
10010011101101010001001001
In base 15, what is -5150 + 2?
-514d
In base 12, what is -6 + a07548?
a07542
In base 16, what is 218 - 42393?
-4217b
In base 4, what is -31332230111 - -11?
-31332230100
In base 11, what is 37725 - 1116?
3660a
In base 16, what is 116ba38 + 0?
116ba38
In base 8, what is 437 + -107437?
-107000
In base 10, what is 2654 + -133?
2521
In base 9, what is -505587 - 331?
-506028
In base 7, what is -20235506113 - -2?
-20235506111
In base 2, what is 1000001000100010110000 + -10101010?
1000001000100000000110
In base 2, what is -100101001010011 - -1010100011001100?
101111001111001
In base 10, what is 8 + -635639?
-635631
In base 2, what is -1010 - 110100100101001101010110101?
-110100100101001101010111111
In base 11, what is 2255a257 + 3?
2255a25a
In base 15, what is -1c12c + -1c?
-1c149
In base 15, what is 115 - -2eeb3?
300c8
In base 11, what is -1772465 - 22?
-1772487
In base 4, what is -2003102203233 + 11?
-2003102203222
In base 10, what is -9141696 - 5?
-9141701
In base 6, what is 110 - -114332432?
114332542
In base 13, what is -6 - 471b36?
-471b3c
In base 3, what is 100 + -1102102202202100?
-1102102202202000
In base 5, what is -4410 - -10341234?
10331324
In base 14, what is c50a70 + 10?
c50a80
In base 3, what is -20000121110020 + -21?
-20000121110111
In base 3, what is 10001020002 - 21020?
10000221212
In base 9, what is -1 - 120270404?
-120270405
In base 16, what is 2 - 4b2be83?
-4b2be81
In base 16, what is cb + 4015?
40e0
In base 4, what is 22113201 - -200122?
22313323
In base 7, what is -23050241556 + 4?
-23050241552
In base 8, what is 3 - -35230256?
35230261
In base 11, what is -5 + -24043a7?
-2404401
In base 11, what is -241 + 306530?
30629a
In base 12, what is 3a - 239225?
-2391a7
In base 12, what is 1a - -402b7?
40315
In base 7, what is -1666146 - 406?
-1666555
In base 16, what is 8a9 - fd8?
-72f
In base 16, what is -c3ca2 - 2?
-c3ca4
In base 16, what is -4da - 13cb?
-18a5
In base 3, what is -221022101 - -200100?
-220122001
In base 7, what is -4015213 - -111?
-4015102
In base 2, what is -1000100101001100000100011011 + 11?
-1000100101001100000100011000
In base 15, what is 6c0351b - 0?
6c0351b
In base 4, what is 32101 + -233023?
-200322
In base 6, what is -3504220 - 100045?
-4004305
In base 7, what is -1340 + 434204?
432534
In base 9, what is -114735 + -557?
-115403
In base 16, what is c576 + 1b?
c591
In base 3, what is 10 + -20221101222102?
-20221101222022
In base 14, what is 34 - 34b9a?
-34b66
In base 12, what is -1a4 + -21a79?
-22061
In base 7, what is 50542 + 2021?
52563
In base 6, what is -12024150 + 151?
-12023555
In base 10, what is 15465225 - -1?
15465226
In base 3, what is 110 + -101020101210211?
-101020101210101
In base 8, what is 250150001 - -20?
250150021
In base 11, what is 946a - 1875?
76a5
In base 14, what is -1697b + 113?
-16868
In base 6, what is -1 - 10342203?
-10342204
In base 16, what is 25b4 + 521?
2ad5
In base 13, what is 